{"id":6992,"date":"2024-05-09T19:26:31","date_gmt":"2024-05-09T22:26:31","guid":{"rendered":"https:\/\/geracaoamanha.org.br\/teste\/?page_id=6992"},"modified":"2024-05-13T09:16:46","modified_gmt":"2024-05-13T12:16:46","slug":"representatividade","status":"publish","type":"page","link":"https:\/\/geracaoamanha.org.br\/teste\/representatividade\/","title":{"rendered":"Representatividade"},"content":{"rendered":"<div class=\"wpb-content-wrapper\"><p>[vc_row][vc_column][vc_empty_space height=&#8221;10px&#8221; alter_height=&#8221;small&#8221; hide_on_mobile=&#8221;&#8221; css=&#8221;.vc_custom_1534434613739{margin-top: 0.7rem !important;}&#8221;][vc_column_text]<\/p>\n<h2><span class=\"trx_addons_hover\">Pr\u00eamio\u00a0<\/span>CNJ<\/h2>\n<p>[\/vc_column_text][vc_empty_space height=&#8221;10px&#8221; alter_height=&#8221;small&#8221; hide_on_mobile=&#8221;&#8221; css=&#8221;.vc_custom_1715377612732{margin-top: 0.7rem !important;}&#8221;][vc_column_text]<img loading=\"lazy\" decoding=\"async\" class=\"alignleft wp-image-7304\" src=\"https:\/\/geracaoamanha.org.br\/teste\/wp-content\/uploads\/2024\/05\/2-1-300x300.jpg\" alt=\"\" width=\"200\" height=\"200\" \/>Em 2022, o <strong>ENAFAM<\/strong> (Encontro Online de Acolhimento Familiar) concebido e organizado pelo IGA durante a pandemia, foi reconhecido na 2\u00aa. Edi\u00e7\u00e3o do Pr\u00eamio Prioridade Absoluta do Conselho Nacional de Justi\u00e7a (CNJ), com men\u00e7\u00e3o honrosa na categoria Empresas e Sociedade Civil Organizada. Foi a primeira vez que um evento de Acolhimento Familiar ganhou esse pr\u00eamio do CNJ. O <strong>ENAFAM<\/strong> se tornou o maior evento sobre acolhimento familiar do pa\u00eds com quase 2 mil profissionais de todas as partes do Brasil, cumprindo seu principal objetivo de sensibilizar e informar profissionais que trabalham com crian\u00e7as em situa\u00e7\u00e3o de vulnerabilidade sobre a import\u00e2ncia do acolhimento em fam\u00edlias acolhedoras.[\/vc_column_text][vc_separator style=&#8221;shadow&#8221;][\/vc_column][\/vc_row][vc_row full_width=&#8221;stretch_row&#8221; css=&#8221;.vc_custom_1715278512881{background-position: center !important;background-repeat: no-repeat !important;background-size: cover !important;}&#8221;][vc_column][vc_empty_space height=&#8221;10px&#8221; alter_height=&#8221;small&#8221; hide_on_mobile=&#8221;&#8221; css=&#8221;.vc_custom_1715283792412{margin-top: 0.8rem !important;}&#8221;][vc_column_text]<\/p>\n<h2><span class=\"trx_addons_hover\">Coaliz\u00f5es,<\/span> Grupos &amp; <span class=\"trx_addons_hover\">Associa\u00e7\u00f5es<\/span><\/h2>\n<p>[\/vc_column_text][vc_empty_space height=&#8221;10px&#8221; alter_height=&#8221;small&#8221; hide_on_mobile=&#8221;&#8221; css=&#8221;.vc_custom_1534434613739{margin-top: 0.7rem !important;}&#8221;][vc_column_text]<span style=\"font-size: 11pt;\"><img loading=\"lazy\" decoding=\"async\" class=\"alignleft wp-image-6795\" src=\"https:\/\/geracaoamanha.org.br\/teste\/wp-content\/uploads\/2023\/12\/3-150x150.png\" alt=\"\" width=\"200\" height=\"200\" srcset=\"https:\/\/geracaoamanha.org.br\/teste\/wp-content\/uploads\/2023\/12\/3-150x150.png 150w, https:\/\/geracaoamanha.org.br\/teste\/wp-content\/uploads\/2023\/12\/3-300x300.png 300w, https:\/\/geracaoamanha.org.br\/teste\/wp-content\/uploads\/2023\/12\/3-370x370.png 370w, https:\/\/geracaoamanha.org.br\/teste\/wp-content\/uploads\/2023\/12\/3-90x90.png 90w, https:\/\/geracaoamanha.org.br\/teste\/wp-content\/uploads\/2023\/12\/3.png 500w\" sizes=\"auto, (max-width: 200px) 100vw, 200px\" \/>O Instituto Gera\u00e7\u00e3o Amanh\u00e3 faz parte da Coaliz\u00e3o pelo Acolhimento em Fam\u00edlia Acolhedora, desde sua concep\u00e7\u00e3o e in\u00edcio de atividades em julho de 2020. Essa Coaliz\u00e3o \u00e9 um grupo unido para promover a amplia\u00e7\u00e3o do acolhimento familiar no Brasil, dos atuais cerca de 5% para pelo menos 20% de crian\u00e7as e adolescentes acolhidos nesta modalidade at\u00e9 2025. Em 2023, o Instituto Gera\u00e7\u00e3o Amanh\u00e3 realizou diversos trabalhos pela Coaliz\u00e3o Fam\u00edlia Acolhedora, muitas vezes como um de seus representantes, na distribui\u00e7\u00e3o de Guias do Acolhimento Familiar, nas mesas e palestras organizadas pelo pa\u00eds e nas diversas reuni\u00f5es dos seus Grupos de Trabalho.<\/span>[\/vc_column_text][vc_empty_space height=&#8221;10px&#8221; alter_height=&#8221;small&#8221; hide_on_mobile=&#8221;&#8221; css=&#8221;.vc_custom_1715284742933{margin-top: 0.7rem !important;}&#8221;][vc_zigzag el_border_width=&#8221;10&#8243;][vc_empty_space height=&#8221;10px&#8221; hide_on_mobile=&#8221;&#8221; css=&#8221;.vc_custom_1715284683490{margin-top: 0.7rem !important;}&#8221;][\/vc_column][\/vc_row][vc_row full_width=&#8221;stretch_row&#8221; css=&#8221;.vc_custom_1715278512881{background-position: center !important;background-repeat: no-repeat !important;background-size: cover !important;}&#8221;][vc_column][vc_empty_space height=&#8221;10px&#8221; alter_height=&#8221;small&#8221; hide_on_mobile=&#8221;&#8221; css=&#8221;.vc_custom_1534434613739{margin-top: 0.7rem !important;}&#8221;][vc_column_text]<span style=\"font-size: 11pt;\"><img loading=\"lazy\" decoding=\"async\" class=\"wp-image-7103 alignleft\" src=\"https:\/\/geracaoamanha.org.br\/teste\/wp-content\/uploads\/2024\/05\/coali-horiz-300x213.jpeg\" alt=\"\" width=\"200\" height=\"142\" srcset=\"https:\/\/geracaoamanha.org.br\/teste\/wp-content\/uploads\/2024\/05\/coali-horiz-300x213.jpeg 300w, https:\/\/geracaoamanha.org.br\/teste\/wp-content\/uploads\/2024\/05\/coali-horiz-370x262.jpeg 370w, https:\/\/geracaoamanha.org.br\/teste\/wp-content\/uploads\/2024\/05\/coali-horiz.jpeg 399w\" sizes=\"auto, (max-width: 200px) 100vw, 200px\" \/><span style=\"font-size: 11pt;\">Em 2023 o Instituto Gera\u00e7\u00e3o Amanh\u00e3 tornou-se membro da Coaliz\u00e3o Brasileira pelo Fim da Viol\u00eancia contra Crian\u00e7as e Adolescentes, um grupo formado por organiza\u00e7\u00f5es, f\u00f3runs e redes dedicados \u00e0 preven\u00e7\u00e3o e ao enfrentamento das viol\u00eancias contra crian\u00e7as e adolescentes no Brasil, para fortalecer ainda mais suas a\u00e7\u00f5es e iniciativas voltadas a combater esse grave problema. Ao fazer parte dessa Coaliz\u00e3o, o IGA passa a trabalhar de forma integrada com os demais atores dessa rede o que fortalece ainda mais nossas iniciativas e a\u00e7\u00f5es.<\/span><br \/>\n<\/span>[\/vc_column_text][vc_empty_space height=&#8221;10px&#8221; alter_height=&#8221;small&#8221; hide_on_mobile=&#8221;&#8221; css=&#8221;.vc_custom_1534434613739{margin-top: 0.7rem !important;}&#8221;][vc_zigzag el_border_width=&#8221;10&#8243;][vc_empty_space height=&#8221;10px&#8221; hide_on_mobile=&#8221;&#8221; css=&#8221;.vc_custom_1715284683490{margin-top: 0.7rem !important;}&#8221;][\/vc_column][\/vc_row][vc_row full_width=&#8221;stretch_row&#8221; css=&#8221;.vc_custom_1715278512881{background-position: center !important;background-repeat: no-repeat !important;background-size: cover !important;}&#8221;][vc_column][vc_empty_space height=&#8221;10px&#8221; alter_height=&#8221;small&#8221; hide_on_mobile=&#8221;&#8221; css=&#8221;.vc_custom_1534434613739{margin-top: 0.7rem !important;}&#8221;][vc_column_text]<span style=\"font-size: 11pt;\"><img loading=\"lazy\" decoding=\"async\" class=\"alignleft wp-image-7098\" src=\"https:\/\/geracaoamanha.org.br\/teste\/wp-content\/uploads\/2024\/05\/pacto-horiz-300x127.png\" alt=\"\" width=\"200\" height=\"85\" srcset=\"https:\/\/geracaoamanha.org.br\/teste\/wp-content\/uploads\/2024\/05\/pacto-horiz-300x127.png 300w, https:\/\/geracaoamanha.org.br\/teste\/wp-content\/uploads\/2024\/05\/pacto-horiz-370x157.png 370w, https:\/\/geracaoamanha.org.br\/teste\/wp-content\/uploads\/2024\/05\/pacto-horiz.png 500w\" sizes=\"auto, (max-width: 200px) 100vw, 200px\" \/>Desde 2021 o Instituto Gera\u00e7\u00e3o Amanh\u00e3 \u00e9 signat\u00e1rio do Pacto Nacional pela Primeira Inf\u00e2ncia, firmado entre o Conselho Nacional de Justi\u00e7a (CNJ) e diversos atores que integram a rede de prote\u00e7\u00e3o \u00e0 inf\u00e2ncia no Brasil, para tornar efetivas as pol\u00edticas p\u00fablicas de promo\u00e7\u00e3o, aten\u00e7\u00e3o e defesa dos direitos das crian\u00e7as de 0 a 6 anos.<br \/>\n<\/span>[\/vc_column_text][vc_empty_space height=&#8221;10px&#8221; alter_height=&#8221;small&#8221; hide_on_mobile=&#8221;&#8221; css=&#8221;.vc_custom_1534434613739{margin-top: 0.7rem !important;}&#8221;][vc_zigzag el_border_width=&#8221;10&#8243;][vc_empty_space height=&#8221;10px&#8221; hide_on_mobile=&#8221;&#8221; css=&#8221;.vc_custom_1715284683490{margin-top: 0.7rem !important;}&#8221;][\/vc_column][\/vc_row][vc_row full_width=&#8221;stretch_row&#8221; css=&#8221;.vc_custom_1715278512881{background-position: center !important;background-repeat: no-repeat !important;background-size: cover !important;}&#8221;][vc_column][vc_empty_space height=&#8221;10px&#8221; alter_height=&#8221;small&#8221; hide_on_mobile=&#8221;&#8221; css=&#8221;.vc_custom_1534434613739{margin-top: 0.7rem !important;}&#8221;][vc_column_text]<span style=\"font-size: 11pt;\"><img loading=\"lazy\" decoding=\"async\" class=\"alignleft wp-image-7106\" src=\"https:\/\/geracaoamanha.org.br\/teste\/wp-content\/uploads\/2024\/05\/movimento-horiz-300x205.jpeg\" alt=\"\" width=\"200\" height=\"137\" srcset=\"https:\/\/geracaoamanha.org.br\/teste\/wp-content\/uploads\/2024\/05\/movimento-horiz-300x205.jpeg 300w, https:\/\/geracaoamanha.org.br\/teste\/wp-content\/uploads\/2024\/05\/movimento-horiz-370x253.jpeg 370w, https:\/\/geracaoamanha.org.br\/teste\/wp-content\/uploads\/2024\/05\/movimento-horiz.jpeg 400w\" sizes=\"auto, (max-width: 200px) 100vw, 200px\" \/><span style=\"font-size: 10pt;\">O Instituto Gera\u00e7\u00e3o Amanh\u00e3 \u00e9 signat\u00e1rio do Movimento Nacional Pr\u00f3-Conviv\u00eancia Familiar e Comunit\u00e1ria, um grupo de forte atua\u00e7\u00e3o nacional formado por profissionais e institui\u00e7\u00f5es de todo o pa\u00eds, que trabalham no fortalecimento de incid\u00eancias t\u00e9cnicas e pol\u00edticas de conviv\u00eancia familiar e comunit\u00e1ria, preven\u00e7\u00e3o ao acolhimento, acolhimento familiar e institucional e ado\u00e7\u00e3o.<\/span><br \/>\n<\/span>[\/vc_column_text][vc_empty_space height=&#8221;10px&#8221; alter_height=&#8221;small&#8221; hide_on_mobile=&#8221;&#8221; css=&#8221;.vc_custom_1534434613739{margin-top: 0.7rem !important;}&#8221;][vc_zigzag el_border_width=&#8221;10&#8243;][vc_empty_space height=&#8221;10px&#8221; hide_on_mobile=&#8221;&#8221; css=&#8221;.vc_custom_1715284683490{margin-top: 0.7rem !important;}&#8221;][\/vc_column][\/vc_row][vc_row full_width=&#8221;stretch_row&#8221; css=&#8221;.vc_custom_1715278512881{background-position: center !important;background-repeat: no-repeat !important;background-size: cover !important;}&#8221;][vc_column][vc_empty_space height=&#8221;10px&#8221; alter_height=&#8221;small&#8221; hide_on_mobile=&#8221;&#8221; css=&#8221;.vc_custom_1534434613739{margin-top: 0.7rem !important;}&#8221;][vc_column_text]<span style=\"font-size: 11pt;\"><span style=\"font-size: 11pt;\"><img loading=\"lazy\" decoding=\"async\" class=\"alignleft wp-image-7107\" src=\"https:\/\/geracaoamanha.org.br\/teste\/wp-content\/uploads\/2024\/05\/agenda-horiz-300x107.png\" alt=\"\" width=\"200\" height=\"72\" srcset=\"https:\/\/geracaoamanha.org.br\/teste\/wp-content\/uploads\/2024\/05\/agenda-horiz-300x107.png 300w, https:\/\/geracaoamanha.org.br\/teste\/wp-content\/uploads\/2024\/05\/agenda-horiz-370x132.png 370w, https:\/\/geracaoamanha.org.br\/teste\/wp-content\/uploads\/2024\/05\/agenda-horiz.png 500w\" sizes=\"auto, (max-width: 200px) 100vw, 200px\" \/>O Instituto Gera\u00e7\u00e3o Amanh\u00e3 \u00e9 signat\u00e1rio da Agenda 227 desde 2022, um grupo que re\u00fane organiza\u00e7\u00f5es de todo o pa\u00eds, com o objetivo de propor, discutir e elaborar um conjunto de propostas, programas e a\u00e7\u00f5es de governo para colocar as inf\u00e2ncias e as adolesc\u00eancias brasileiras no centro do projeto do pa\u00eds que queremos ser.<\/span><br \/>\n<\/span>[\/vc_column_text][vc_empty_space height=&#8221;10px&#8221; alter_height=&#8221;small&#8221; hide_on_mobile=&#8221;&#8221; css=&#8221;.vc_custom_1534434613739{margin-top: 0.7rem !important;}&#8221;][vc_zigzag el_border_width=&#8221;10&#8243;][vc_empty_space height=&#8221;10px&#8221; hide_on_mobile=&#8221;&#8221; css=&#8221;.vc_custom_1715284683490{margin-top: 0.7rem !important;}&#8221;][\/vc_column][\/vc_row][vc_row full_width=&#8221;stretch_row&#8221; css=&#8221;.vc_custom_1715278512881{background-position: center !important;background-repeat: no-repeat !important;background-size: cover !important;}&#8221;][vc_column][vc_empty_space height=&#8221;10px&#8221; alter_height=&#8221;small&#8221; hide_on_mobile=&#8221;&#8221; css=&#8221;.vc_custom_1534434613739{margin-top: 0.7rem !important;}&#8221;][vc_column_text]<span style=\"font-size: 11pt;\"><span style=\"font-size: 11pt;\"><img loading=\"lazy\" decoding=\"async\" class=\"alignleft wp-image-7108\" src=\"https:\/\/geracaoamanha.org.br\/teste\/wp-content\/uploads\/2024\/05\/angaad-horiz-300x104.jpg\" alt=\"\" width=\"200\" height=\"69\" srcset=\"https:\/\/geracaoamanha.org.br\/teste\/wp-content\/uploads\/2024\/05\/angaad-horiz-300x104.jpg 300w, https:\/\/geracaoamanha.org.br\/teste\/wp-content\/uploads\/2024\/05\/angaad-horiz-370x128.jpg 370w, https:\/\/geracaoamanha.org.br\/teste\/wp-content\/uploads\/2024\/05\/angaad-horiz.jpg 500w\" sizes=\"auto, (max-width: 200px) 100vw, 200px\" \/><span style=\"font-size: 11pt;\">O Instituto Gera\u00e7\u00e3o Amanh\u00e3 faz parte da Associa\u00e7\u00e3o Nacional dos Grupos de Apoio \u00e0 Ado\u00e7\u00e3o desde 2019 e vem realizando nesse per\u00edodo um trabalho junto \u00e0 diretoria da Associa\u00e7\u00e3o no \u00e2mbito da assessoria de comunica\u00e7\u00e3o.<\/span><\/span><br \/>\n<\/span>[\/vc_column_text][vc_empty_space height=&#8221;10px&#8221; alter_height=&#8221;small&#8221; hide_on_mobile=&#8221;&#8221; css=&#8221;.vc_custom_1534434613739{margin-top: 0.7rem !important;}&#8221;][vc_empty_space height=&#8221;10px&#8221; hide_on_mobile=&#8221;&#8221; css=&#8221;.vc_custom_1715284683490{margin-top: 0.7rem !important;}&#8221;][vc_separator border_width=&#8221;5&#8243;][\/vc_column][\/vc_row][vc_row full_width=&#8221;stretch_row&#8221; css=&#8221;.vc_custom_1715286897354{background-position: center !important;background-repeat: no-repeat !important;background-size: cover !important;}&#8221;][vc_column][vc_empty_space height=&#8221;10px&#8221; alter_height=&#8221;small&#8221; hide_on_mobile=&#8221;&#8221; css=&#8221;.vc_custom_1534434414798{margin-top: 0.8rem !important;}&#8221;][vc_column_text]<\/p>\n<h2><span class=\"trx_addons_hover\">Parceiros &amp;<\/span> Apoiadores<\/h2>\n<p>[\/vc_column_text][\/vc_column][vc_column width=&#8221;5\/6&#8243; offset=&#8221;vc_col-sm-offset-1 vc_hidden-xs&#8221;][vc_single_image image=&#8221;7112&#8243; img_size=&#8221;full&#8221;][vc_single_image image=&#8221;7113&#8243; img_size=&#8221;full&#8221;][vc_single_image image=&#8221;7114&#8243; img_size=&#8221;full&#8221;][vc_single_image image=&#8221;7115&#8243; img_size=&#8221;full&#8221;][vc_single_image image=&#8221;7116&#8243; img_size=&#8221;full&#8221;][vc_single_image image=&#8221;7117&#8243; img_size=&#8221;full&#8221;][\/vc_column][vc_column][vc_empty_space alter_height=&#8221;medium&#8221; hide_on_mobile=&#8221;&#8221; css=&#8221;.vc_custom_1502889095668{margin-top: 0.55rem !important;}&#8221;][\/vc_column][\/vc_row][vc_row full_width=&#8221;stretch_row&#8221; css=&#8221;.vc_custom_1715287817841{background-color: #fcfcfc !important;background-position: center !important;background-repeat: no-repeat !important;background-size: cover !important;}&#8221;][vc_column][vc_empty_space height=&#8221;10px&#8221; alter_height=&#8221;small&#8221; hide_on_mobile=&#8221;&#8221; css=&#8221;.vc_custom_1534434414798{margin-top: 0.8rem !important;}&#8221;][vc_column_text]<\/p>\n<h2><span class=\"trx_addons_hover\">Objetivos de <\/span>Desenvolvimento <span class=\"trx_addons_hover\">Sustent\u00e1vel<\/span><\/h2>\n<p>[\/vc_column_text][vc_empty_space height=&#8221;10px&#8221; alter_height=&#8221;small&#8221; hide_on_mobile=&#8221;&#8221; css=&#8221;.vc_custom_1534434613739{margin-top: 0.7rem !important;}&#8221;][vc_single_image image=&#8221;6966&#8243; img_size=&#8221;full&#8221; alignment=&#8221;center&#8221;][vc_empty_space height=&#8221;10px&#8221; alter_height=&#8221;small&#8221; hide_on_mobile=&#8221;&#8221; css=&#8221;.vc_custom_1534434613739{margin-top: 0.7rem !important;}&#8221;][\/vc_column][vc_column width=&#8221;5\/6&#8243; offset=&#8221;vc_col-sm-offset-1 vc_hidden-xs&#8221;][\/vc_column][\/vc_row]<\/p>\n<\/div>","protected":false},"excerpt":{"rendered":"<p>[vc_row][vc_column][vc_empty_space height=&#8221;10px&#8221; alter_height=&#8221;small&#8221; hide_on_mobile=&#8221;&#8221; css=&#8221;.vc_custom_1534434613739{margin-top: 0.7rem !important;}&#8221;][vc_column_text] Pr\u00eamio\u00a0CNJ [\/vc_column_text][vc_empty_space height=&#8221;10px&#8221; alter_height=&#8221;small&#8221; hide_on_mobile=&#8221;&#8221; css=&#8221;.vc_custom_1715377612732{margin-top: 0.7rem !important;}&#8221;][vc_column_text]Em 2022, o ENAFAM (Encontro Online de Acolhimento Familiar) concebido e organizado pelo IGA durante a pandemia, foi reconhecido na 2\u00aa. Edi\u00e7\u00e3o do Pr\u00eamio Prioridade Absoluta do Conselho Nacional de Justi\u00e7a (CNJ), com men\u00e7\u00e3o honrosa na categoria Empresas e Sociedade Civil Organizada. Foi a primeira vez&hellip;<\/p>\n","protected":false},"author":4,"featured_media":0,"parent":0,"menu_order":0,"comment_status":"closed","ping_status":"closed","template":"","meta":{"give_campaign_id":0,"footnotes":""},"class_list":["post-6992","page","type-page","status-publish","hentry"],"yoast_head":"<!-- This site is optimized with the Yoast SEO plugin v27.2 - https:\/\/yoast.com\/product\/yoast-seo-wordpress\/ -->\n<title>Representatividade - Instituto Gera\u00e7\u00e3o Amanh\u00e3<\/title>\n<meta name=\"robots\" content=\"noindex, follow, max-snippet:-1, max-image-preview:large, max-video-preview:-1\" \/>\n<meta property=\"og:locale\" content=\"pt_BR\" \/>\n<meta property=\"og:type\" content=\"article\" \/>\n<meta property=\"og:title\" content=\"Representatividade - Instituto Gera\u00e7\u00e3o Amanh\u00e3\" \/>\n<meta property=\"og:description\" content=\"[vc_row][vc_column][vc_empty_space height=&#8221;10px&#8221; alter_height=&#8221;small&#8221; hide_on_mobile=&#8221;&#8221; css=&#8221;.vc_custom_1534434613739{margin-top: 0.7rem !important;}&#8221;][vc_column_text] Pr\u00eamio\u00a0CNJ [\/vc_column_text][vc_empty_space height=&#8221;10px&#8221; alter_height=&#8221;small&#8221; hide_on_mobile=&#8221;&#8221; css=&#8221;.vc_custom_1715377612732{margin-top: 0.7rem !important;}&#8221;][vc_column_text]Em 2022, o ENAFAM (Encontro Online de Acolhimento Familiar) concebido e organizado pelo IGA durante a pandemia, foi reconhecido na 2\u00aa. Edi\u00e7\u00e3o do Pr\u00eamio Prioridade Absoluta do Conselho Nacional de Justi\u00e7a (CNJ), com men\u00e7\u00e3o honrosa na categoria Empresas e Sociedade Civil Organizada. Foi a primeira vez&hellip;\" \/>\n<meta property=\"og:url\" content=\"https:\/\/geracaoamanha.org.br\/teste\/representatividade\/\" \/>\n<meta property=\"og:site_name\" content=\"Instituto Gera\u00e7\u00e3o Amanh\u00e3\" \/>\n<meta property=\"article:modified_time\" content=\"2024-05-13T12:16:46+00:00\" \/>\n<meta property=\"og:image\" content=\"https:\/\/geracaoamanha.org.br\/teste\/wp-content\/uploads\/2024\/05\/2-1-300x300.jpg\" \/>\n<meta name=\"twitter:card\" content=\"summary_large_image\" \/>\n<meta name=\"twitter:label1\" content=\"Est. tempo de leitura\" \/>\n\t<meta name=\"twitter:data1\" content=\"7 minutos\" \/>\n<script type=\"application\/ld+json\" class=\"yoast-schema-graph\">{\"@context\":\"https:\/\/schema.org\",\"@graph\":[{\"@type\":\"WebPage\",\"@id\":\"https:\/\/geracaoamanha.org.br\/teste\/representatividade\/\",\"url\":\"https:\/\/geracaoamanha.org.br\/teste\/representatividade\/\",\"name\":\"Representatividade - Instituto Gera\u00e7\u00e3o Amanh\u00e3\",\"isPartOf\":{\"@id\":\"https:\/\/geracaoamanha.org.br\/teste\/#website\"},\"primaryImageOfPage\":{\"@id\":\"https:\/\/geracaoamanha.org.br\/teste\/representatividade\/#primaryimage\"},\"image\":{\"@id\":\"https:\/\/geracaoamanha.org.br\/teste\/representatividade\/#primaryimage\"},\"thumbnailUrl\":\"https:\/\/geracaoamanha.org.br\/teste\/wp-content\/uploads\/2024\/05\/2-1-300x300.jpg\",\"datePublished\":\"2024-05-09T22:26:31+00:00\",\"dateModified\":\"2024-05-13T12:16:46+00:00\",\"breadcrumb\":{\"@id\":\"https:\/\/geracaoamanha.org.br\/teste\/representatividade\/#breadcrumb\"},\"inLanguage\":\"pt-BR\",\"potentialAction\":[{\"@type\":\"ReadAction\",\"target\":[\"https:\/\/geracaoamanha.org.br\/teste\/representatividade\/\"]}]},{\"@type\":\"ImageObject\",\"inLanguage\":\"pt-BR\",\"@id\":\"https:\/\/geracaoamanha.org.br\/teste\/representatividade\/#primaryimage\",\"url\":\"https:\/\/geracaoamanha.org.br\/teste\/wp-content\/uploads\/2024\/05\/2-1-300x300.jpg\",\"contentUrl\":\"https:\/\/geracaoamanha.org.br\/teste\/wp-content\/uploads\/2024\/05\/2-1-300x300.jpg\"},{\"@type\":\"BreadcrumbList\",\"@id\":\"https:\/\/geracaoamanha.org.br\/teste\/representatividade\/#breadcrumb\",\"itemListElement\":[{\"@type\":\"ListItem\",\"position\":1,\"name\":\"Home\",\"item\":\"https:\/\/geracaoamanha.org.br\/teste\/\"},{\"@type\":\"ListItem\",\"position\":2,\"name\":\"Representatividade\"}]},{\"@type\":\"WebSite\",\"@id\":\"https:\/\/geracaoamanha.org.br\/teste\/#website\",\"url\":\"https:\/\/geracaoamanha.org.br\/teste\/\",\"name\":\"Instituto Gera\u00e7\u00e3o Amanh\u00e3\",\"description\":\"Tudo sobre acolhimento familiar e ado\u00e7\u00e3o\",\"potentialAction\":[{\"@type\":\"SearchAction\",\"target\":{\"@type\":\"EntryPoint\",\"urlTemplate\":\"https:\/\/geracaoamanha.org.br\/teste\/?s={search_term_string}\"},\"query-input\":{\"@type\":\"PropertyValueSpecification\",\"valueRequired\":true,\"valueName\":\"search_term_string\"}}],\"inLanguage\":\"pt-BR\"}]}<\/script>\n<!-- \/ Yoast SEO plugin. -->","yoast_head_json":{"title":"Representatividade - Instituto Gera\u00e7\u00e3o Amanh\u00e3","robots":{"index":"noindex","follow":"follow","max-snippet":"max-snippet:-1","max-image-preview":"max-image-preview:large","max-video-preview":"max-video-preview:-1"},"og_locale":"pt_BR","og_type":"article","og_title":"Representatividade - Instituto Gera\u00e7\u00e3o Amanh\u00e3","og_description":"[vc_row][vc_column][vc_empty_space height=&#8221;10px&#8221; alter_height=&#8221;small&#8221; hide_on_mobile=&#8221;&#8221; css=&#8221;.vc_custom_1534434613739{margin-top: 0.7rem !important;}&#8221;][vc_column_text] Pr\u00eamio\u00a0CNJ [\/vc_column_text][vc_empty_space height=&#8221;10px&#8221; alter_height=&#8221;small&#8221; hide_on_mobile=&#8221;&#8221; css=&#8221;.vc_custom_1715377612732{margin-top: 0.7rem !important;}&#8221;][vc_column_text]Em 2022, o ENAFAM (Encontro Online de Acolhimento Familiar) concebido e organizado pelo IGA durante a pandemia, foi reconhecido na 2\u00aa. Edi\u00e7\u00e3o do Pr\u00eamio Prioridade Absoluta do Conselho Nacional de Justi\u00e7a (CNJ), com men\u00e7\u00e3o honrosa na categoria Empresas e Sociedade Civil Organizada. Foi a primeira vez&hellip;","og_url":"https:\/\/geracaoamanha.org.br\/teste\/representatividade\/","og_site_name":"Instituto Gera\u00e7\u00e3o Amanh\u00e3","article_modified_time":"2024-05-13T12:16:46+00:00","og_image":[{"url":"https:\/\/geracaoamanha.org.br\/teste\/wp-content\/uploads\/2024\/05\/2-1-300x300.jpg","type":"","width":"","height":""}],"twitter_card":"summary_large_image","twitter_misc":{"Est. tempo de leitura":"7 minutos"},"schema":{"@context":"https:\/\/schema.org","@graph":[{"@type":"WebPage","@id":"https:\/\/geracaoamanha.org.br\/teste\/representatividade\/","url":"https:\/\/geracaoamanha.org.br\/teste\/representatividade\/","name":"Representatividade - Instituto Gera\u00e7\u00e3o Amanh\u00e3","isPartOf":{"@id":"https:\/\/geracaoamanha.org.br\/teste\/#website"},"primaryImageOfPage":{"@id":"https:\/\/geracaoamanha.org.br\/teste\/representatividade\/#primaryimage"},"image":{"@id":"https:\/\/geracaoamanha.org.br\/teste\/representatividade\/#primaryimage"},"thumbnailUrl":"https:\/\/geracaoamanha.org.br\/teste\/wp-content\/uploads\/2024\/05\/2-1-300x300.jpg","datePublished":"2024-05-09T22:26:31+00:00","dateModified":"2024-05-13T12:16:46+00:00","breadcrumb":{"@id":"https:\/\/geracaoamanha.org.br\/teste\/representatividade\/#breadcrumb"},"inLanguage":"pt-BR","potentialAction":[{"@type":"ReadAction","target":["https:\/\/geracaoamanha.org.br\/teste\/representatividade\/"]}]},{"@type":"ImageObject","inLanguage":"pt-BR","@id":"https:\/\/geracaoamanha.org.br\/teste\/representatividade\/#primaryimage","url":"https:\/\/geracaoamanha.org.br\/teste\/wp-content\/uploads\/2024\/05\/2-1-300x300.jpg","contentUrl":"https:\/\/geracaoamanha.org.br\/teste\/wp-content\/uploads\/2024\/05\/2-1-300x300.jpg"},{"@type":"BreadcrumbList","@id":"https:\/\/geracaoamanha.org.br\/teste\/representatividade\/#breadcrumb","itemListElement":[{"@type":"ListItem","position":1,"name":"Home","item":"https:\/\/geracaoamanha.org.br\/teste\/"},{"@type":"ListItem","position":2,"name":"Representatividade"}]},{"@type":"WebSite","@id":"https:\/\/geracaoamanha.org.br\/teste\/#website","url":"https:\/\/geracaoamanha.org.br\/teste\/","name":"Instituto Gera\u00e7\u00e3o Amanh\u00e3","description":"Tudo sobre acolhimento familiar e ado\u00e7\u00e3o","potentialAction":[{"@type":"SearchAction","target":{"@type":"EntryPoint","urlTemplate":"https:\/\/geracaoamanha.org.br\/teste\/?s={search_term_string}"},"query-input":{"@type":"PropertyValueSpecification","valueRequired":true,"valueName":"search_term_string"}}],"inLanguage":"pt-BR"}]}},"campaignId":"","_links":{"self":[{"href":"https:\/\/geracaoamanha.org.br\/teste\/wp-json\/wp\/v2\/pages\/6992","targetHints":{"allow":["GET"]}}],"collection":[{"href":"https:\/\/geracaoamanha.org.br\/teste\/wp-json\/wp\/v2\/pages"}],"about":[{"href":"https:\/\/geracaoamanha.org.br\/teste\/wp-json\/wp\/v2\/types\/page"}],"author":[{"embeddable":true,"href":"https:\/\/geracaoamanha.org.br\/teste\/wp-json\/wp\/v2\/users\/4"}],"replies":[{"embeddable":true,"href":"https:\/\/geracaoamanha.org.br\/teste\/wp-json\/wp\/v2\/comments?post=6992"}],"version-history":[{"count":120,"href":"https:\/\/geracaoamanha.org.br\/teste\/wp-json\/wp\/v2\/pages\/6992\/revisions"}],"predecessor-version":[{"id":7356,"href":"https:\/\/geracaoamanha.org.br\/teste\/wp-json\/wp\/v2\/pages\/6992\/revisions\/7356"}],"wp:attachment":[{"href":"https:\/\/geracaoamanha.org.br\/teste\/wp-json\/wp\/v2\/media?parent=6992"}],"curies":[{"name":"wp","href":"https:\/\/api.w.org\/{rel}","templated":true}]}}